{"version":"1.0","provider_name":"fondation salomon","provider_url":"https:\/\/www.fondation-salomon.org\/fr\/","author_name":"gardeners","author_url":"https:\/\/www.fondation-salomon.org\/fr\/author\/gardeners\/","title":"N\u00e9e en montagne et engag\u00e9e pour elle depuis 1999. - fondation salomon","type":"rich","width":600,"height":338,"html":"<blockquote class=\"wp-embedded-content\" data-secret=\"k2CE8IgxBb\"><a href=\"https:\/\/www.fondation-salomon.org\/fr\/fondation-salomon\/\">N\u00e9e en montagne et engag\u00e9e pour elle depuis 1999.<\/a><\/blockquote><iframe sandbox=\"allow-scripts\" security=\"restricted\" src=\"https:\/\/www.fondation-salomon.org\/fr\/fondation-salomon\/embed\/#?secret=k2CE8IgxBb\" width=\"600\" height=\"338\" title=\"&#8220;N\u00e9e en montagne et engag\u00e9e pour elle depuis 1999.&#8221; &#8212; fondation salomon\" data-secret=\"k2CE8IgxBb\" frameborder=\"0\" marginwidth=\"0\" marginheight=\"0\" scrolling=\"no\" class=\"wp-embedded-content\"><\/iframe><script>\n\/*! This file is auto-generated *\/\n!function(d,l){\"use strict\";l.querySelector&&d.addEventListener&&\"undefined\"!=typeof URL&&(d.wp=d.wp||{},d.wp.receiveEmbedMessage||(d.wp.receiveEmbedMessage=function(e){var t=e.data;if((t||t.secret||t.message||t.value)&&!\/[^a-zA-Z0-9]\/.test(t.secret)){for(var s,r,n,a=l.querySelectorAll('iframe[data-secret=\"'+t.secret+'\"]'),o=l.querySelectorAll('blockquote[data-secret=\"'+t.secret+'\"]'),c=new RegExp(\"^https?:$\",\"i\"),i=0;i<o.length;i++)o[i].style.display=\"none\";for(i=0;i<a.length;i++)s=a[i],e.source===s.contentWindow&&(s.removeAttribute(\"style\"),\"height\"===t.message?(1e3<(r=parseInt(t.value,10))?r=1e3:~~r<200&&(r=200),s.height=r):\"link\"===t.message&&(r=new URL(s.getAttribute(\"src\")),n=new URL(t.value),c.test(n.protocol))&&n.host===r.host&&l.activeElement===s&&(d.top.location.href=t.value))}},d.addEventListener(\"message\",d.wp.receiveEmbedMessage,!1),l.addEventListener(\"DOMContentLoaded\",function(){for(var e,t,s=l.querySelectorAll(\"iframe.wp-embedded-content\"),r=0;r<s.length;r++)(t=(e=s[r]).getAttribute(\"data-secret\"))||(t=Math.random().toString(36).substring(2,12),e.src+=\"#?secret=\"+t,e.setAttribute(\"data-secret\",t)),e.contentWindow.postMessage({message:\"ready\",secret:t},\"*\")},!1)))}(window,document);\n\/\/# sourceURL=https:\/\/www.fondation-salomon.org\/wp\/wp-includes\/js\/wp-embed.min.js\n<\/script>\n","thumbnail_url":"https:\/\/www.fondation-salomon.org\/app\/uploads\/2026\/04\/DSCF6936-scaled.jpg","thumbnail_width":1900,"thumbnail_height":2560,"description":"Nos racines La Salomon Foundation est n\u00e9e de la vision de Georges Salomon. Depuis plus de 25 ans, nous \u0153uvrons pour r\u00e9v\u00e9ler le potentiel humain \u00e0 travers les sports de montagne. En 1999, Georges Salomon vend son entreprise et fait la promesse de rendre \u00e0 la montagne ce qu\u2019elle lui a donn\u00e9. La Salomon Foundation [&hellip;]"}

Née en montagne et engagée pour elle depuis 1999. - fondation salomon

<blockquote class="wp-embedded-content" data-secret="k2CE8IgxBb"><a href="https://www.fondation-salomon.org/fr/fondation-salomon/">Née en montagne et engagée pour elle depuis 1999.</a></blockquote><iframe sandbox="allow-scripts" security="restricted" src="https://www.fondation-salomon.org/fr/fondation-salomon/embed/#?secret=k2CE8IgxBb" width="600" height="338" title="&#8220;Née en montagne et engagée pour elle depuis 1999.&#8221; &#8212; fondation salomon" data-secret="k2CE8IgxBb" frameborder="0" marginwidth="0" marginheight="0" scrolling="no" class="wp-embedded-content"></iframe><script>
/*! This file is auto-generated */
!function(d,l){"use strict";l.querySelector&&d.addEventListener&&"undefined"!=typeof URL&&(d.wp=d.wp||{},d.wp.receiveEmbedMessage||(d.wp.receiveEmbedMessage=function(e){var t=e.data;if((t||t.secret||t.message||t.value)&&!/[^a-zA-Z0-9]/.test(t.secret)){for(var s,r,n,a=l.querySelectorAll('iframe[data-secret="'+t.secret+'"]'),o=l.querySelectorAll('blockquote[data-secret="'+t.secret+'"]'),c=new RegExp("^https?:$","i"),i=0;i<o.length;i++)o[i].style.display="none";for(i=0;i<a.length;i++)s=a[i],e.source===s.contentWindow&&(s.removeAttribute("style"),"height"===t.message?(1e3<(r=parseInt(t.value,10))?r=1e3:~~r<200&&(r=200),s.height=r):"link"===t.message&&(r=new URL(s.getAttribute("src")),n=new URL(t.value),c.test(n.protocol))&&n.host===r.host&&l.activeElement===s&&(d.top.location.href=t.value))}},d.addEventListener("message",d.wp.receiveEmbedMessage,!1),l.addEventListener("DOMContentLoaded",function(){for(var e,t,s=l.querySelectorAll("iframe.wp-embedded-content"),r=0;r<s.length;r++)(t=(e=s[r]).getAttribute("data-secret"))||(t=Math.random().toString(36).substring(2,12),e.src+="#?secret="+t,e.setAttribute("data-secret",t)),e.contentWindow.postMessage({message:"ready",secret:t},"*")},!1)))}(window,document);
//# sourceURL=https://www.fondation-salomon.org/wp/wp-includes/js/wp-embed.min.js
</script>

Nos racines La Salomon Foundation est née de la vision de Georges Salomon. Depuis plus de 25 ans, nous œuvrons pour révéler le potentiel humain à travers les sports de montagne. En 1999, Georges Salomon vend son entreprise et fait la promesse de rendre à la montagne ce qu’elle lui a donné. La Salomon Foundation [&hellip;]
